2*h, 4*h = -2*n + 32. Let s = -13 + 18. Suppose s*g - 2*g - 168 = 0. Calculate the greatest common divisor of g and n.
8
Suppose 9 - 3 = p. Calculate the highest common divisor of p and 18.
6
Let s(r) = 2*r - 1. Let n be s(5). Let w = n + 0. Calculate the greatest common divisor of 9 and w.
9
Suppose j = 1 - 20. Let y = 40 + j. Let v(x) = x**3 - 11*x**2 + 11*x + 4. Let f be v(10). Calculate the greatest common factor of f and y.
7
Let p be 8*(1 - 3/6). Let j be ((-198)/24)/((-1)/p). What is the greatest common factor of 22 and j?
11
Let t = 2 - -2. Suppose -t*b + b = -30. Let n(k) = k**3 + k + 40. Let s be n(0). Calculate the highest common factor of b and s.
10
Suppose 3*i = -4*d + 400, 3*i + 2*i = -5*d + 665. Let j be (36/8)/(6/16). Calculate the highest common divisor of i and j.
12
Let b be 5/((-10)/(-6)) - -195. Let p(m) = -m**3 + 7*m**2 - 7*m + 3. Let o be p(5). Calculate the highest common divisor of o and b.
18
Suppose -60 = -o - 4*o. Let a(u) = -u**3 + 7*u**2 + 9*u - 7. Let l be a(8). Let d be (-2)/(l - (-12)/(-8)). Calculate the highest common divisor of o and d.
4
Let p(x) = 48*x - 23*x - 4 + 53*x. Let w be p(2). Calculate the greatest common factor of 19 and w.
19
Let g = -47 + 78. Calculate the greatest common factor of g and 93.
31
Let t(v) = -v + 5. Let u be t(5). Suppose -2*z + u = -6. Calculate the greatest common divisor of z and 1.
1
Let p(k) = -29*k**3 + 2*k + 1. Let y be p(-1). What is the highest common divisor of 42 and y?
14
Let k(i) = i**3 - 11*i**2 + 10*i + 8. Let j be k(10). Suppose -3 = -b + j. What is the greatest common factor of 11 and b?
11
Suppose -3*d = -2*l - 334, 2*d + 3*l = 3*d - 116. What is the highest common divisor of 22 and d?
22
Suppose 5*m - 9 - 16 = 0. Suppose 3*j - 3*f = 21, -36 - 5 = -m*j + 3*f. Suppose 2*n = -3*n + 25. Calculate the greatest common divisor of n and j.
5
Let r be 240/11 + 6/33. Calculate the greatest common divisor of 2 and r.
2
Let k be 2 - (1 - -1) - 45. Let q be (24/40)/((-1)/k). Suppose 0 = -5*n + 15, 0 = -4*p + 6*p - n - q. Calculate the highest common divisor of p and 6.
3
Let q(r) = 400*r - 4. Let m be q(1). Calculate the greatest common factor of 36 and m.
36
Let s(m) = -m**3 - 10*m**2 + m - 6. Let k be s(-12). Let g = k + -186. Calculate the greatest common divisor of 12 and g.
12
Let v(z) = -2*z - 17. Let g be v(-13). Suppose 4*w = 97 + 107. Let a = g + w. What is the highest common factor of 24 and a?
12
Let b(k) = k**2 + 7*k - 11. Let s be b(-9). Let n be (-112)/(-6)*9/4. What is the highest common factor of s and n?
7
Let k = 8 - -2. Let v be (-8)/k*50/(-4). What is the highest common factor of v and 90?
10
Suppose 4*w + 3*a = 6*a + 112, 5*a = 0. Calculate the greatest common factor of w and 70.
14
Suppose 4*p = p - 3. Let y be (3 - 4)*p*4. Calculate the greatest common divisor of y and 44.
4
Suppose -t + 0*t + 18 = 4*i, 0 = 4*t - 3*i + 23. Let q be t/((-4)/206) - -2. Calculate the highest common factor of q and 15.
15
Let q(c) = -4*c + 26. Let y be q(6). Suppose b + 49 = 5*w, -4*w + 5*b + 37 = 2*b. What is the highest common factor of y and w?
2
Let v = 10 - 18. Let f = v - -22. Calculate the highest common divisor of f and 56.
14
Let z be (-483)/(-35) + 2/10. Calculate the greatest common divisor of z and 70.
14
Suppose 8 + 2 = 2*k. Suppose 0*a + 45 = k*a. What is the greatest common factor of a and 3?
3
Suppose -5*y + 0*l = 3*l - 24, y = 5*l - 12. Suppose -y*i = i - 240. Suppose i = 6*r - r. What is the greatest common factor of 6 and r?
6
Suppose 0 = -2*i + 4 + 4. Let a be 12/42 - (-38)/14. Suppose 0*z - z - 34 = -5*n, a*z + 12 = 0. What is the greatest common factor of n and i?
2
Let z be -1 + 1 - (-161 + 17). What is the highest common factor of 16 and z?
16
Suppose 0 = 2*m - 3*m + 18. Suppose -z + 6*z = -15. Let h be -2 + (-43 - -1)/z. What is the greatest common factor of h and m?
6
Let b(a) be the first derivative of a**3/3 - 4. Let g be b(0). Let d = g - -16. What is the greatest common divisor of 64 and d?
16
Let j(p) = -p**2 - 7*p + 5. Let y be j(-4). Suppose -y = v - 68. Let i(q) = 2*q**2 - 4*q + 1. Let z be i(4). What is the highest common factor of z and v?
17
Let d = -180 + 323. Let j = 401 + -145. Let z be (-2)/(-10) + j/20. What is the highest common divisor of d and z?
13
Let a be 1 + -3 - 4*-1. Let d be 2 + 50*1/a. What is the greatest common factor of 297 and d?
27
Suppose -o = 5, 7*g - 6*g - 2*o + 46 = 0. Let q = g - -86. Suppose 0*v + 9*v - 108 = 0. Calculate the greatest common divisor of v and q.
6
Let w(i) = -i + 6. Let l be w(7). Let v be l/(-3)*3*-3. Let r be 0 + (-651)/(-3) - v. What is the greatest common divisor of 20 and r?
20
Let x = 41 + -8. Calculate the greatest common divisor of x and 22.
11
Let g = -324 - -504. What is the greatest common divisor of 20 and g?
20
Suppose -219 = -3*o - 0*o. Suppose 0 = -5*j - 2*k - k + o, -1 = -k. Calculate the greatest common factor of j and 126.
14
Suppose -l - 7*r + 2*r = -75, 5*r - 15 = 0. Suppose l = -a + 4*a. Let k = 20 + -10. Calculate the greatest common divisor of k and a.
10
Let a(m) = m + 7. Let b be a(-3). Suppose 10 = 5*u - 10. Calculate the highest common factor of u and b.
4
Suppose -2*b + 13 = -b. Suppose 0 = -5*s + 275 + 245. Calculate the highest common divisor of b and s.
13
Let f(o) = -o**3 + 9*o**2 + o + 1. Let c be f(9). Let q(n) = n**2 - 2*n. Let x be q(-3). Calculate the greatest common factor of x and c.
5
Let w = 89 - -58. Calculate the greatest common divisor of 63 and w.
21
Suppose 0 = -i + 3*i - 6. Suppose 15 = -0*z + z. What is the highest common factor of i and z?
3
Suppose 0*s = j + 3*s - 9, 5*j - 2*s = 28. Let h(f) = -f**2 + 48. Let m be h(0). Calculate the greatest common divisor of m and j.
6
Let m be 5/(5/12)*42/28. Calculate the highest common factor of m and 36.
18
Suppose -10 = -u - 4*u. Suppose u*d + 1 = 7. Suppose 0 = -0*p + d*p - 51. What is the highest common factor of p and 187?
17
Let y(t) = -t + 1. Let n be y(-10). Calculate the highest common divisor of 99 and n.
11
Let g(n) be the second derivative of -1/2*n**3 + 0 - 3/2*n**2 + 2*n. Let j be g(-6). Calculate the highest common divisor of 15 and j.
15
Suppose -4*v - u + 4*u + 13 = 0, 0 = 4*u - 4. What is the highest common factor of 4 and v?
4
Let l(p) = -p**2 - 5*p - 6. Let w be l(-4). Let c be (-5)/w + (-6)/12. Calculate the greatest common divisor of c and 16.
2
Suppose -2*w - 44 = -k, 2*k - 78 = -0*w - w. Let f(b) = b - 5. Let z be f(5). Suppose -24 = -z*y - 3*y. Calculate the highest common divisor of k and y.
8
Let j(p) = 3*p + 3. Let u be j(-2). Suppose 2*b = -4, -3*a + 2*b = -b + 9. Let i = u - a. What is the greatest common divisor of i and 16?
2
Suppose -4*n - 109 + 145 = 0. What is the greatest common divisor of n and 21?
3
Let j be (8/3 - (-3)/9) + 32. What is the greatest common divisor of j and 7?
7
Let d = 42 + -21. What is the highest common factor of d and 21?
21
Let k be 2 - (-1)/((-3)/(-18)). Let u = 139 + -75. Calculate the highest common factor of k and u.
8
Let s = 28 - 9. Let g(u) = -18*u + 7. Let x be g(-7). Calculate the highest common factor of s and x.
19
Let m(b) = 2*b**2 - 4*b + 8. Let k be m(10). Calculate the greatest common factor of k and 24.
24
Let u(o) = o**2 + o - 3. Let n be u(0). Let w = 30 - n. Suppose w + 37 = 2*j. Calculate the greatest common factor of 7 and j.
7
Suppose 2*m = 7*v - 5*v - 46, -3*v + m = -65. Let d be 3/(6/170) - 1. Calculate the greatest common divisor of d and v.
21
Let i be (-234)/(-8) - (0 - (-2)/8). What is the greatest common divisor of i and 319?
29
Let q = -21 - -62. Let b = q - 4. Let h = 12 + b. Calculate the greatest common factor of 7 and h.
7
Let o be (-39)/(-12) - (-2)/(-8). Let f(d) = d**3 - 4*d**2 - 9*d - 6. Let z be f(7). Suppose o*i = i + z. What is the greatest common divisor of i and 13?
13
Suppose -42*i + 38*i = -68. What is the greatest common divisor of 17 and i?
17
Suppose c + c - 517 = 5*x, -4*x + 2*c - 412 = 0. Let w = x - -177. Suppose r - 10 = -2. What is the greatest common factor of w and r?
8
Let m be 2 + 2 + 4 + -5. Suppose d - m*x = 2*x + 80, 3*x = 4*d - 252. What is the highest common divisor of 15 and d?
15
Let i be -1 + 0 + -1 + 9. Suppose -84 = -3*j + 2*a - 4, 2*a + 24 = j. Calculate the greatest common d